{"id":1065,"date":"2017-04-07T15:00:55","date_gmt":"2017-04-07T15:00:55","guid":{"rendered":"https:\/\/corporefit365.com\/producto\/stimul-red-express"},"modified":"2017-04-07T15:00:55","modified_gmt":"2017-04-07T15:00:55","slug":"stimul-red-express","status":"publish","type":"product","link":"https:\/\/corporefit365.com\/?product=stimul-red-express","title":{"rendered":"STIMUL RED EXPRESS"},"content":{"rendered":"<p><span style=\"color:#000000;\">Gel energ\u00e9tico de absorci\u00f3n r\u00e1pida, aporta 100 mg de cafe\u00edna por gel<\/span><\/p>\n<p><span style=\"color:#000000;\">Contiene carbohidratos simples y complejos + Taurina + Guarana + Ginseng + Cafe\u00edna + Vitamina C<\/span><\/p>\n<div class=\"page\" title=\"Page 1\">\n<div class=\"layoutArea\">\n<div class=\"column\">\n<p><span style=\"color:#000000;\">STIMUL\u00a0RED EXPRESS ser\u00e1 un gran aliado en el tramo final de competiciones o entrenamientos exigentes para<\/span><\/p>\n<p><span style=\"color:#000000;\"> retrasar la\u00a0sensaci\u00f3n de fatiga y mantener el ritmo hasta el final de la prueba<\/span><\/p>\n<\/p><\/div>\n<\/p><\/div>\n<\/p><\/div><\/p>\n","protected":false},"excerpt":{"rendered":"<h3><span style=\"color:#000000;\">Stimul Red Express<\/span><\/h3>\n<p><span style=\"color:#000000;\">Caja de 24 geles de 30 m<\/span><\/p>\n","protected":false},"featured_media":1063,"comment_status":"open","ping_status":"closed","template":"","meta":{"_genesis_hide_title":false,"_genesis_hide_breadcrumbs":false,"_genesis_hide_singular_image":false,"_genesis_hide_footer_widgets":false,"_genesis_custom_body_class":"","_genesis_custom_post_class":"","_genesis_layout":""},"product_brand":[],"product_cat":[72,55,37,39],"product_tag":[675,196,676,677],"class_list":{"0":"post-1065","1":"product","2":"type-product","3":"status-publish","4":"has-post-thumbnail","6":"product_cat-estimulantes","7":"product_cat-gel-energetico","8":"product_cat-inicio","9":"product_cat-endurance","10":"product_tag-express","11":"product_tag-stimul","12":"product_tag-stimul-red-express","13":"product_tag-stimulred-express","14":"entry","16":"first","17":"instock","18":"taxable","19":"shipping-taxable","20":"purchasable","21":"product-type-simple"},"jetpack_sharing_enabled":true,"_links":{"self":[{"href":"https:\/\/corporefit365.com\/index.php?rest_route=\/wp\/v2\/product\/1065","targetHints":{"allow":["GET"]}}],"collection":[{"href":"https:\/\/corporefit365.com\/index.php?rest_route=\/wp\/v2\/product"}],"about":[{"href":"https:\/\/corporefit365.com\/index.php?rest_route=\/wp\/v2\/types\/product"}],"replies":[{"embeddable":true,"href":"https:\/\/corporefit365.com\/index.php?rest_route=%2Fwp%2Fv2%2Fcomments&post=1065"}],"wp:featuredmedia":[{"embeddable":true,"href":"https:\/\/corporefit365.com\/index.php?rest_route=\/wp\/v2\/media\/1063"}],"wp:attachment":[{"href":"https:\/\/corporefit365.com\/index.php?rest_route=%2Fwp%2Fv2%2Fmedia&parent=1065"}],"wp:term":[{"taxonomy":"product_brand","embeddable":true,"href":"https:\/\/corporefit365.com\/index.php?rest_route=%2Fwp%2Fv2%2Fproduct_brand&post=1065"},{"taxonomy":"product_cat","embeddable":true,"href":"https:\/\/corporefit365.com\/index.php?rest_route=%2Fwp%2Fv2%2Fproduct_cat&post=1065"},{"taxonomy":"product_tag","embeddable":true,"href":"https:\/\/corporefit365.com\/index.php?rest_route=%2Fwp%2Fv2%2Fproduct_tag&post=1065"}],"curies":[{"name":"wp","href":"https:\/\/api.w.org\/{rel}","templated":true}]}}