{"id":1104,"date":"2017-04-17T11:21:53","date_gmt":"2017-04-17T11:21:53","guid":{"rendered":"https:\/\/corporefit365.com\/producto\/mineral-caps"},"modified":"2017-04-17T11:21:53","modified_gmt":"2017-04-17T11:21:53","slug":"mineral-caps","status":"publish","type":"product","link":"https:\/\/corporefit365.com\/?product=mineral-caps","title":{"rendered":"MINERAL CAPS"},"content":{"rendered":"<p><span style=\"color:#000000;\">Mineral Caps son c\u00e1psulas que contienen:<\/span><\/p>\n<ul>\n<li><span style=\"color:#000000;\">Magnesio 175 mg cada 2 c\u00e1psulas<\/span><\/li>\n<li><span style=\"color:#000000;\">Sodio 115 mg cada 2 c\u00e1psulas<\/span><\/li>\n<li><span style=\"color:#000000;\">Potasio 88 mg cada 2 c\u00e1psulas<\/span><\/li>\n<\/ul>\n<p><span style=\"color:#000000;\">Ayuda a evitar los calambres<\/span><\/p>\n<p><span style=\"color:#000000;\">Dos\u00a0c\u00e1psulas equivalen a 500 ml de bebida isot\u00f3nica<\/span><\/p>\n<p><span style=\"color:#000000;\">Modo de empleo:<\/span><\/p>\n<\/p>\n<div class=\"page\" title=\"Page 1\">\n<div class=\"layoutArea\">\n<div class=\"column\">\n<ul>\n<li>\n<p><span style=\"color:#000000;\">&#8211; \u00a0Durante el ejercicio: hacer tomas de 2 c\u00e1psulas seguidas de una toma de agua cada 90min. En el caso de no complementar con bebida isot\u00f3nica deber\u00edan realizarse las tomas cada 60 minutos<\/span><\/p>\n<\/li>\n<li>\n<p><span style=\"color:#000000;\">&#8211; \u00a0Antes del ejercicio: realizar entre una y dos tomas los 3 d\u00edas previos a una actividad f\u00edsica de larga distancia<\/span><\/p>\n<\/li>\n<\/ul>\n<\/div><\/div>\n<\/p><\/div><\/p>\n","protected":false},"excerpt":{"rendered":"<h3><span style=\"color:#000000;\">Mineral Caps<\/span><\/h3>\n<p><span style=\"color:#000000;\">Bote de 106 c\u00e1psulas<\/span><\/p>\n","protected":false},"featured_media":1103,"comment_status":"open","ping_status":"closed","template":"","meta":{"_genesis_hide_title":false,"_genesis_hide_breadcrumbs":false,"_genesis_hide_singular_image":false,"_genesis_hide_footer_widgets":false,"_genesis_custom_body_class":"","_genesis_custom_post_class":"","_genesis_layout":""},"product_brand":[],"product_cat":[38,37,73,39,89,51],"product_tag":[735],"class_list":{"0":"post-1104","1":"product","2":"type-product","3":"status-publish","4":"has-post-thumbnail","6":"product_cat-fitness-y-musculacion","7":"product_cat-inicio","8":"product_cat-recuperacion","9":"product_cat-endurance","10":"product_cat-vitaminas-y-minerales","11":"product_cat-promociones","12":"product_tag-mineral-caps","13":"entry","15":"first","16":"instock","17":"taxable","18":"shipping-taxable","19":"purchasable","20":"product-type-simple"},"jetpack_sharing_enabled":true,"_links":{"self":[{"href":"https:\/\/corporefit365.com\/index.php?rest_route=\/wp\/v2\/product\/1104","targetHints":{"allow":["GET"]}}],"collection":[{"href":"https:\/\/corporefit365.com\/index.php?rest_route=\/wp\/v2\/product"}],"about":[{"href":"https:\/\/corporefit365.com\/index.php?rest_route=\/wp\/v2\/types\/product"}],"replies":[{"embeddable":true,"href":"https:\/\/corporefit365.com\/index.php?rest_route=%2Fwp%2Fv2%2Fcomments&post=1104"}],"wp:featuredmedia":[{"embeddable":true,"href":"https:\/\/corporefit365.com\/index.php?rest_route=\/wp\/v2\/media\/1103"}],"wp:attachment":[{"href":"https:\/\/corporefit365.com\/index.php?rest_route=%2Fwp%2Fv2%2Fmedia&parent=1104"}],"wp:term":[{"taxonomy":"product_brand","embeddable":true,"href":"https:\/\/corporefit365.com\/index.php?rest_route=%2Fwp%2Fv2%2Fproduct_brand&post=1104"},{"taxonomy":"product_cat","embeddable":true,"href":"https:\/\/corporefit365.com\/index.php?rest_route=%2Fwp%2Fv2%2Fproduct_cat&post=1104"},{"taxonomy":"product_tag","embeddable":true,"href":"https:\/\/corporefit365.com\/index.php?rest_route=%2Fwp%2Fv2%2Fproduct_tag&post=1104"}],"curies":[{"name":"wp","href":"https:\/\/api.w.org\/{rel}","templated":true}]}}