{"id":1324,"date":"2019-02-23T22:46:27","date_gmt":"2019-02-23T22:46:27","guid":{"rendered":"https:\/\/corporefit365.com\/producto\/bcaa-amino-drink-5000-2"},"modified":"2019-02-23T22:46:27","modified_gmt":"2019-02-23T22:46:27","slug":"bcaa-amino-drink-5000-2","status":"publish","type":"product","link":"https:\/\/corporefit365.com\/?product=bcaa-amino-drink-5000-2","title":{"rendered":"BCAA AMINO DRINK 5000"},"content":{"rendered":"<p><span style=\"color:#000000;\">Bebida con 5000 mg de amino\u00e1cidos (L-Leucina, L-Isoleucina y L-Valina).<\/span><\/p>\n<p><span style=\"color:#000000;\">Aporte en Vitamina B6 y L-Arginina.<\/span><\/p>\n<p><span style=\"color:#000000;\">Contiene gas.<\/span><\/p>\n<p><span style=\"color:#000000;\">No contiene azucares.<\/span><\/p>\n<p><span style=\"color:#000000;\">Sabor Red Berries Y Tropical con cafe\u00edna, 180 mg.<\/span><\/p>\n<p><span style=\"color:#000000;\">2 sabores: Red Berries y Tropical con cafe\u00edna, y Lima-Lim\u00f3n y Sand\u00eda sin cafe\u00edna.<\/span><\/p><\/p>\n","protected":false},"excerpt":{"rendered":"<h3><span style=\"color:#000000;\">BCAA Amino Drink 5000 en 4 sabores<\/span><\/h3>\n<p><span style=\"color:#000000;\">Caja de 24 latas de 330 ml<\/span><\/p>\n<p><strong><span style=\"color:#000000;\">AGOTADO SABOR RED BERRIES<\/span><\/strong><\/p>\n","protected":false},"featured_media":1318,"comment_status":"open","ping_status":"closed","template":"","meta":{"_genesis_hide_title":false,"_genesis_hide_breadcrumbs":false,"_genesis_hide_singular_image":false,"_genesis_hide_footer_widgets":false,"_genesis_custom_body_class":"","_genesis_custom_post_class":"","_genesis_layout":""},"product_brand":[],"product_cat":[42,43],"product_tag":[271,977,273,279],"class_list":{"0":"post-1324","1":"product","2":"type-product","3":"status-publish","4":"has-post-thumbnail","6":"product_cat-batidos-proteicos","7":"product_cat-bebidas","8":"product_tag-amino","9":"product_tag-amino-drink","10":"product_tag-aminos","11":"product_tag-bcaa","12":"entry","14":"first","15":"instock","16":"taxable","17":"shipping-taxable","18":"purchasable","19":"product-type-simple"},"jetpack_sharing_enabled":true,"_links":{"self":[{"href":"https:\/\/corporefit365.com\/index.php?rest_route=\/wp\/v2\/product\/1324","targetHints":{"allow":["GET"]}}],"collection":[{"href":"https:\/\/corporefit365.com\/index.php?rest_route=\/wp\/v2\/product"}],"about":[{"href":"https:\/\/corporefit365.com\/index.php?rest_route=\/wp\/v2\/types\/product"}],"replies":[{"embeddable":true,"href":"https:\/\/corporefit365.com\/index.php?rest_route=%2Fwp%2Fv2%2Fcomments&post=1324"}],"wp:featuredmedia":[{"embeddable":true,"href":"https:\/\/corporefit365.com\/index.php?rest_route=\/wp\/v2\/media\/1318"}],"wp:attachment":[{"href":"https:\/\/corporefit365.com\/index.php?rest_route=%2Fwp%2Fv2%2Fmedia&parent=1324"}],"wp:term":[{"taxonomy":"product_brand","embeddable":true,"href":"https:\/\/corporefit365.com\/index.php?rest_route=%2Fwp%2Fv2%2Fproduct_brand&post=1324"},{"taxonomy":"product_cat","embeddable":true,"href":"https:\/\/corporefit365.com\/index.php?rest_route=%2Fwp%2Fv2%2Fproduct_cat&post=1324"},{"taxonomy":"product_tag","embeddable":true,"href":"https:\/\/corporefit365.com\/index.php?rest_route=%2Fwp%2Fv2%2Fproduct_tag&post=1324"}],"curies":[{"name":"wp","href":"https:\/\/api.w.org\/{rel}","templated":true}]}}