{"id":1467,"date":"2022-10-02T15:09:05","date_gmt":"2022-10-02T15:09:05","guid":{"rendered":"https:\/\/corporefit365.com\/producto\/whey-protein-bar-chocolate"},"modified":"2025-02-09T11:09:18","modified_gmt":"2025-02-09T11:09:18","slug":"whey-protein-bar-chocolate","status":"publish","type":"product","link":"https:\/\/corporefit365.com\/?product=whey-protein-bar-chocolate","title":{"rendered":"WHEY PROTEIN BAR"},"content":{"rendered":"<p>23 gramos de prote\u00edna por barrita<\/p>\n<p>Con un contenido reducido en az\u00facares<\/p>\n<p>Caja de 12 barritas de 70 g<\/p>\n<p>Las necesidades proteicas de los deportistas oscilan entre 1,2 y 2 g por kg de peso al d\u00eda, en funci\u00f3n del deporte que practican, la exigencia de los entrenos y si su objetivo es la ganancia de masa muscular o el mantenimiento de esta. Es importante seguir una alimentaci\u00f3n equilibrada y variada para satisfacer las necesidades individuales, con un aporte proteico adecuado.<\/p>\n<p>Las deliciosas barritas WHEY PROTEIN BAR contienen un 32% de prote\u00ednas de suero l\u00e1cteo de alto valor biol\u00f3gico, que contribuyen al aumento y conservaci\u00f3n de la masa muscular. Adem\u00e1s, se ha completado su f\u00f3rmula con un complejo de vitaminas y minerales.<\/p>\n<p>WHEY PROTEIN BAR es un complemento alimenticio ideal para tomar justo al finalizar los entrenamientos o bien entre horas como snack con alto contenido en prote\u00edna. Su formato f\u00e1cil de llevar y conservar, permite tomarlas en cualquier momento.<\/p>\n<p>2 sabores: Chocolate y Nata&amp;Caramelo<\/p>\n","protected":false},"excerpt":{"rendered":"<h3>Whey Bar Protein 2 sabores<\/h3>\n<p>Caja de 12 barritas<\/p>\n","protected":false},"featured_media":1465,"comment_status":"open","ping_status":"closed","template":"","meta":{"_genesis_hide_title":false,"_genesis_hide_breadcrumbs":false,"_genesis_hide_singular_image":false,"_genesis_hide_footer_widgets":false,"_genesis_custom_body_class":"","_genesis_custom_post_class":"","_genesis_layout":""},"product_brand":[],"product_cat":[66,41],"product_tag":[],"class_list":{"0":"post-1467","1":"product","2":"type-product","3":"status-publish","4":"has-post-thumbnail","6":"product_cat-barritas-proteicas","7":"product_cat-barritas","8":"pa_sabor-chocolate","9":"entry","11":"first","12":"instock","13":"taxable","14":"shipping-taxable","15":"purchasable","16":"product-type-simple"},"jetpack_sharing_enabled":true,"_links":{"self":[{"href":"https:\/\/corporefit365.com\/index.php?rest_route=\/wp\/v2\/product\/1467","targetHints":{"allow":["GET"]}}],"collection":[{"href":"https:\/\/corporefit365.com\/index.php?rest_route=\/wp\/v2\/product"}],"about":[{"href":"https:\/\/corporefit365.com\/index.php?rest_route=\/wp\/v2\/types\/product"}],"replies":[{"embeddable":true,"href":"https:\/\/corporefit365.com\/index.php?rest_route=%2Fwp%2Fv2%2Fcomments&post=1467"}],"wp:featuredmedia":[{"embeddable":true,"href":"https:\/\/corporefit365.com\/index.php?rest_route=\/wp\/v2\/media\/1465"}],"wp:attachment":[{"href":"https:\/\/corporefit365.com\/index.php?rest_route=%2Fwp%2Fv2%2Fmedia&parent=1467"}],"wp:term":[{"taxonomy":"product_brand","embeddable":true,"href":"https:\/\/corporefit365.com\/index.php?rest_route=%2Fwp%2Fv2%2Fproduct_brand&post=1467"},{"taxonomy":"product_cat","embeddable":true,"href":"https:\/\/corporefit365.com\/index.php?rest_route=%2Fwp%2Fv2%2Fproduct_cat&post=1467"},{"taxonomy":"product_tag","embeddable":true,"href":"https:\/\/corporefit365.com\/index.php?rest_route=%2Fwp%2Fv2%2Fproduct_tag&post=1467"}],"curies":[{"name":"wp","href":"https:\/\/api.w.org\/{rel}","templated":true}]}}